 What are the prime factors of m?
23
Let i = 103 - 3. List the prime factors of i.
2, 5
Let z(m) = -2*m + 4. Let u be z(-5). Suppose 5*g - 2*v = -27, -v - 14 - 5 = 4*g. Let l = u + g. What are the prime factors of l?
3
Suppose -4*h + 58 = 2*u, 17 + 53 = 4*h - 2*u. What are the prime factors of h?
2
Let c(n) = -4*n**3 + n**2 - n - 2. Let z be c(-2). Suppose -4*s + z + 32 = 0. List the prime factors of s.
17
List the prime factors of (-3)/(-2)*60/18.
5
Let u(p) = 3*p**2 - 2*p + 8*p - 3 + 5. List the prime factors of u(-4).
2, 13
Let z = -156 - -352. What are the prime factors of z?
2, 7
Let o(s) = s**3 + 6*s**2 - 2*s - 8. Let d be o(-6). Suppose -4*n + 3*l = -d - 174, -2 = l. What are the prime factors of n?
43
Let v(w) = w**2 + w. Let j be v(0). Suppose 3*x + 18 - 78 = j. What are the prime factors of x?
2, 5
Let a = 26 + -14. List the prime factors of a.
2, 3
Let t be (-104)/(-6) - (-10)/15. What are the prime factors of (42/(-4))/(t/(-24))?
2, 7
Suppose -19 = -4*v + 1. Suppose 4*o + 9 = 5*s, v*s - s - 12 = 2*o. List the prime factors of s.
5
Let d(r) = -r**3 - 10*r**2 + 8*r + 5. What are the prime factors of d(-12)?
197
Let c = -259 + 455. List the prime factors of c.
2, 7
Let f be 1 - 1 - (4 - 8). Suppose f*u + g = 57 - 1, 5*u - 3*g = 53. List the prime factors of u.
13
Let u = 28 + -21. What are the prime factors of u?
7
Let i = 44 + -4. Let l = 56 - i. What are the prime factors of l?
2
Let n(z) = -10*z. Let m be n(1). Let d = 19 + m. What are the prime factors of d?
3
Suppose 5 = -u + 6*u. List the prime factors of -1*(u + (-16)/2).
7
Let r be (-8)/(-2)*(-3)/(-4). Let p = 4 - -1. Suppose b - s = 3, r*s + 0 + 19 = p*b. List the prime factors of b.
5
Let x(y) = 3 + y**3 + 0 + 3*y + 6*y**2 + 4. What are the prime factors of x(-5)?
17
Let r(h) = -4*h - 1. Let i be r(4). Let f = 24 + i. What are the prime factors of f?
7
Let s(g) = 5*g**3 + 6*g**2 - 10*g - 14. Let h(d) = -11*d**3 - 11*d**2 + 19*d + 28. Let b(z) = 4*h(z) + 9*s(z). What are the prime factors of b(-11)?
19
Suppose 5*k - 4*o + 29 = 0, 0*o - o = -1. Let w = k + 8. Let n = w - -8. List the prime factors of n.
11
Let c = -38 + 58. List the prime factors of c.
2, 5
Let n = 117 - 59. List the prime factors of n.
2, 29
Suppose 0 = -3*n + 10 - 4. Suppose 7*w - 8 = 3*w - 5*m, 4*w - 5*m - 8 = 0. Suppose b - 2*r - n = 0, -5*b + w*r + r = -38. What are the prime factors of b?
2, 5
Let a(d) = -d + 9. List the prime factors of a(6).
3
Suppose -4*s + 341 = -c, s = -3*s - 4*c + 356. Let a = s + -57. What are the prime factors of a?
29
Let g be -30*(0 - 21/(-9)). Let b be g/21*(-144)/10. Suppose -q + 4*q - b = 0. What are the prime factors of q?
2
Suppose -3*n - 3*j + 37 = n, -22 = -4*n + 2*j. Let q(m) be the third derivative of m**5/60 - 5*m**4/24 - m**3/6 + 2*m**2. List the prime factors of q(n).
13
Let x(f) = -f**2 + f - 1. Let i be x(0). Let b be i - (-2 + (-9)/(-3)). List the prime factors of 2 + -2 - 4/b.
2
Suppose -110 = -2*b + 4*c, b - c - 2 - 52 = 0. What are the prime factors of b?
53
Suppose 3*u - 20 = -2*u. Suppose 48 = u*r - 4*s, 0*r + 4*s = 2*r - 28. List the prime factors of r.
2, 5
Let u(p) = -p**3 + 11*p**2 + p + 15. List the prime factors of u(10).
5
Let s(t) = t**2 + 1. Let o(c) = 5*c**2 + 9*c + 16. Let z(b) = o(b) - 4*s(b). List the prime factors of z(-8).
2
Let w be (30*2)/(3/2). List the prime factors of 2/(-3) - w/(-6).
2, 3
Let k(t) = -4 + 6 + 2 - 8*t. Let m be k(-3). Suppose 4*p - m = 2*p. List the prime factors of p.
2, 7
Let j = 62 - 30. List the prime factors of j.
2
Let u = 4 - 6. Let m be (5/3)/(u/(-6)). Suppose 3*a = -5*y + 7, m*y + 0*y = -5. What are the prime factors of a?
2
What are the prime factors of 0 - 1094/(-10) - 6/15?
109
Suppose f - 3*l = 5*f - 90, -3*l = 5*f - 111. What are the prime factors of (54/f)/((-3)/(-14))?
2, 3
Let t = 12 + -10. Suppose -4*u + 140 = -t*i + 36, -3*u = 3*i - 96. List the prime factors of u.
2, 7
Let w(h) = 28*h**2 - 4*h + 8. List the prime factors of w(2).
2, 7
Let y(j) = -j**3 - 15*j**2 - 16*j - 4. List the prime factors of y(-14).
2, 3
Let q(n) be the first derivative of -n**4/4 - 8*n**3/3 - n**2/2 - 6*n - 2. List the prime factors of q(-8).
2
Let x(k) = -k**3 - 8*k**2 + 9*k. Let p be x(-9). Suppose 5*j + 42 - 142 = p. List the prime factors of j.
2, 5
Suppose -5*f + 39 = -21. What are the prime factors of f?
2, 3
Let b(z) = -3*z**2 + z**3 - 1 + 3*z**2 + 0 + z. Let p(j) = j + 8. Let c be p(-6). What are the prime factors of b(c)?
3
Let g(d) = 4*d**2 + 8*d + 1. What are the prime factors of g(5)?
3, 47
Let h = -30 + 18. Let z = h + 17. Suppose -z*b - 3*o = -4*o - 31, 4*b + 4*o - 44 = 0. What are the prime factors of b?
7
Suppose 2*t + t = 0. Suppose -3*z = -t*n + 4*n - 56, -2*n - z = -28. List the prime factors of n.
2, 7
Let n = -4 - -12. What are the prime factors of (-95)/(-20) + 2/n?
5
Let q(t) = 4*t - 4. Suppose 0 = f - o - 1 - 0, 5*f = -4*o + 23. What are the prime factors of q(f)?
2
Suppose 4 = -2*l - 2, -2*l - 41 = -5*o. Suppose -5*d - 25 = -3*z, -3*z - 2*d = -o - 25. List the prime factors of z.
2, 5
Let b be 3/9 - (-6)/9. List the prime factors of (1 + b)/((-16)/(-376)).
47
Let m = -5 + 7. Suppose 0 = -3*s - 12, 14 = -5*k + m*s + 37. Let l(t) = t**3 - t**2 - 3*t - 4. What are the prime factors of l(k)?
5
Let q(w) = -9*w - 4. List the prime factors of q(-6).
2, 5
Suppose 6*t = 5*t + 25. What are the prime factors of t?
5
Let g = -82 + 295. List the prime factors of g.
3, 71
Let o(n) = -3*n**2 - 1 + 0*n**2 + 2*n**2 + n**3. Suppose 0 = 5*g - g - 8. List the prime factors of o(g).
3
List the prime factors of 27 + 0/(-3 - -1).
3
Suppose 4*t - 416 = -2*a, -2*t - 3*a = 49 - 249. What are the prime factors of t?
2, 53
Suppose 5*s + d - 6 = 0, 0*d = -4*s - d + 5. Suppose j = a + 5, 3*j + 3*a - s = -a. List the prime factors of j.
3
Let i be 1/(-2) - (-50)/4. Let w = i - -4. Let o = 28 - w. What are the prime factors of o?
2, 3
Suppose 2*j + 3*d - 18 = -j, 0 = j + 4*d + 3. Suppose j + 1 = n. List the prime factors of n.
2, 5
Let x = 321 - 60. What are the prime factors of x?
3, 29
Let o be ((-12)/15)/((-4)/10). Suppose 0 = o*a + 3*a - 265. Suppose -4*j = 5*u - a, u - j = -2*j + 10. What are the prime factors of u?
13
Suppose 2*i - h = 4*h + 15, -6 = -i + 2*h. Suppose -5*k + 61 + 159 = i. Suppose k = 7*m - 3*m. What are the prime factors of m?
11
Suppose -5*y + 0*y + 75 = 0. What are the prime factors of (y/2)/((-36)/(-96))?
2, 5
Let m = 2 - 3. Suppose 3*a + u - 10 = 0, 2*a - 3*a = 2*u. Let h = a + m. List the prime factors of h.
3
Let l(z) be the second derivative of z**4/12 - z**3/6 + 23*z**2/2 - 4*z. List the prime factors of l(0).
23
Suppose -2*d + 2*g = -17 - 15, -2*g = d - 10. Suppose d = 4*w - 3*w. What are the prime factors of w?
2, 7
Let y(g) = -g**2 + 5*g - 4. Let m be y(3). Let t be -3 + m - (-2 - 1). Suppose -t*z + 4*z - 19 = -3*r, 0 = 2*r + 4*z - 10. List the prime factors of r.
7
Let q = -11 - -20. Let b(x) = -3*x**2 + 3*x. Let r be b(2). Let f = r + q. List the prime factors of f.
3
Let q = -1 - -1. Suppose q = -5*a + 10 + 85. List the prime factors of a.
19
Let y(h) = -h**2 - 6*h - 16. Let d be y(-15). List the prime factors of d/(-9) + 10/45.
17
Let o(q) = -q**3 - 6*q**2 - 5*q - 2. List the prime factors of o(-6).
2, 7
Let b be (-4)/(-16) + (-19)/(-4). Suppose 2 = c, -q + b*c + 6 = q. List the prime factors of q.
2
What are the prime factors of (-2*(-122)/(-4))/3*-3?
61
Suppose -220 = -0*d - 4*d. Suppose 5*o = -0*o + d. Let x = o + -7. List the prime factors of x.
2
Suppose 2*g + h + 34 = 0, -78 = 5*g - 3*h + 2*h. Let s = 26 + g. What are the prime factors of (-265)/(-25) - (-4)/s?
11
Let d(t) = 4*t**2 - t. Let i(w) = -w**2 + 10*w - 7. Let c be i(9). Let a = c - 1. What are the prime factors of d(a)?
3
Let a be 0 - 0 - -1 - 0. Suppose -5*k = a - 16. Suppose 4*m + 68 = 5*p, k*p - 34 = -0*m - m. What are the prime factors of p?
2, 3
Suppose 5*g = 2*m - 93, 3*m - 6*g + 4*g = 145. List the prime factors of m.
7
Suppose -r + 2*g = 6, -17 + 1 = -4*g. List the prime factors of r.
2
Suppose -18 = 3*a - 6*a. Let j(g) = 3*g - 7. List the prime factors of j(a).
11
List the prime factors of 26/117 - (-727)/9.
3
Suppose -5*w - 150 = -5*o, -5*o + 2*w - w + 138 = 0. Suppose -37 = -4*h + o. Suppose h = 5*x + 6. List the pri